e number?
True
Let j be (-8)/6 + 352/48. Let t be (-3 + j)/((-9)/6). Is (-4)/t + 125/1 prime?
True
Let d(a) be the first derivative of 57*a**4/2 - 5*a**3/3 - a**2 + 16*a + 24. Is d(3) a prime number?
False
Let a = -154222 - -228693. Is a composite?
False
Let y be (-2)/(-3) + ((-12)/(-9) - 2). Suppose y = -6*u - 3*u + 50121. Is u prime?
True
Suppose c + 2*c = 0. Suppose -5*g - 3*r + 2*r = -19, 5*g = -4*r + 31. Suppose -g*y + 1478 + 133 = c. Is y a prime number?
False
Let w = -272 + 282. Is -15*(12/24)/(w/(-148)) a composite number?
True
Let q(o) = 513*o + 7333. Is q(150) a prime number?
False
Let r be (2/(-4))/(6/48). Let f(q) = -3*q**3 - 3*q**2 - 11*q + 1. Let m be f(r). Suppose 0*v - m = -v - o, -2*v = 5*o - 372. Is v composite?
False
Suppose 12*s + 2 = 10*s. Let f be (-2 - (-2400)/56) + s/(-7). Suppose -f - 194 = -w. Is w composite?
True
Is 42/(-12) - (-32441)/2 a composite number?
False
Suppose 62*l - 64 = 46*l. Let g(a) = 8*a**2 - 4*a - 8. Let r be g(-6). Suppose 0 = -f + u + 404, -3*u + r + 1305 = l*f. Is f prime?
False
Suppose -3*p = -f - 6591, 4*p = -4*f - 6321 - 19995. Let s = 19645 + f. Is s composite?
False
Let i = 19898 - 3376. Suppose 9*c - i = 28829. Is c composite?
False
Suppose -6*p - 29978 = 58. Is (-1)/(((-4)/(-6))/(p/3)) a composite number?
False
Suppose 55*h = 63*h - 8. Suppose -4*n + h + 5 = 2*v, 4*v = n + 21. Suppose -5*q = -5*g + 7710, -5*g - 2762 + 10422 = v*q. Is g composite?
True
Let m(h) = 18*h**2 + 45*h - 1154. Is m(-49) a prime number?
False
Let f(o) = -105*o - 89. Suppose 3*j = 12, 32 = -2*y - 2*y + 2*j. Is f(y) a prime number?
True
Let z(d) = 20 - 71*d**2 - 74*d**2 + 17 + 151*d**2 + 27*d. Is z(-36) prime?
True
Suppose 0 = -3*s - 2*i + 574417, 382902 = 2*s - 2*i - 2*i. Is s a composite number?
False
Let c(r) = 6421*r**3 + r**2 - r. Let b be (-20)/(-8)*20/50. Is c(b) a prime number?
True
Let y be (8/(-5))/(8/(-20)). Suppose -22440 - 1292 = -y*w. Is w a prime number?
False
Let u = 34 + -38. Let y be 5 - (-3 - u) - -3. Suppose n - y*n = -2910. Is n prime?
False
Suppose -5*y = 5*b - 7*y + 9336, 2*b = -2*y - 3726. Let s be (-10)/(-3*4/b). Is ((-8)/44 - (-27)/(-33))*s a composite number?
True
Let v be (14/6 + -2)/((-1)/(-171)). Let d = 62 - v. Suppose 2*p = -2*p + 2*t + 2702, -1371 = -2*p + d*t. Is p prime?
True
Let s be (1 - 1)/((-4)/(-20)*5). Suppose 11*v - 14*v - 12 = s. Let h = 51 - v. Is h a prime number?
False
Suppose -4*k + 40 = -o, -3*k = -5*o - 16 - 31. Let f be k + (-3)/9*-3. Suppose f*z - 2115 = -5*z. Is z a composite number?
True
Let t be (-3)/(7/((-56)/(-12))). Suppose -2*r + 0 - 6 = 0. Is r/((24/956)/t) a prime number?
True
Let h(b) = -b**2 + 14*b + 36. Let t be h(16). Suppose 0 = 5*g - t*s + 8*s - 2973, -2*g = -5*s - 1209. Suppose f - g = 764. Is f composite?
False
Is (-30896935)/(-35) + ((-384)/(-56))/(-12) prime?
False
Suppose -4*v + 20523 + 5957 = 0. Suppose -2*z + v = 2*z. Suppose 0 = -2*p + g + 254 + 408, 0 = -5*p - 2*g + z. Is p a composite number?
False
Let u be (-1)/(-2) - (-7)/2. Suppose -4*q + 5 = 3*z, -4*z - u*q = -8*z + 16. Suppose -z*d + 2238 = 3*o, -702 = -d + o + 38. Is d a composite number?
False
Let j be ((-802)/(-8))/((-2)/(-72)) + 1. Suppose 0 = 4*i + 5*u - 2851, -2*i = -7*i + 3*u + j. Is i a composite number?
False
Let s(q) = q**2 - 6*q**3 + 20*q + 18*q**2 - 4*q**3 + 47 - 5*q**2 + 6*q**3. Is s(-12) prime?
False
Suppose 6096 - 62192 = -4*j - 4*o, 4*j = -2*o + 56094. Is j a prime number?
False
Suppose 3*q + 14*n - 760555 = 12*n, 5*q + 4*n - 1267591 = 0. Is q composite?
True
Let y = 74 + -80. Let d be -3*(-5 - y) - -850. Suppose 7*n - d - 2226 = 0. Is n prime?
True
Suppose 5*u - 302730 = -t, 15 = 683*t - 686*t. Is u a prime number?
False
Let k(l) = 3*l**3 + 2*l**2 - l + 77. Let j be k(0). Suppose -j*a + 71*a = -318. Is a a prime number?
True
Is (-7 - 26590 - -6)*-11 a prime number?
False
Suppose 6 = -2*d, 0 = 3*i - d - 0*d - 114735. Suppose -92385 = -2*y - j, -130626 = -2*y - 4*j - i. Is y prime?
False
Suppose -v = 93*v - 3321866. Is v prime?
True
Let o(n) = 1018*n**2 + 26*n - 37. Is o(-7) a prime number?
True
Let m be (-4849)/(-7) + (-104)/(-364). Suppose -f + 1744 + m = 0. Is f a composite number?
False
Suppose 198*x - 923094 = 180*x. Is x a prime number?
True
Let n(f) = 185*f - 11. Let d(o) = -92*o + 5. Let j(u) = -13*d(u) - 6*n(u). Let x be j(-2). Let l = 349 + x. Is l a composite number?
True
Let l(m) be the second derivative of 2693*m**4/12 - 5*m**3/6 - 11*m**2/2 - 20*m + 2. Is l(-2) a composite number?
False
Let k(a) = -118*a**2 + 45*a - 35. Let b be k(-30). Is ((-3)/(-15))/((-1)/b) a composite number?
False
Let c = 23 - 16. Let n(z) = 10*z**3 - 7*z**2 - 5*z - 5. Is n(c) composite?
True
Let z(d) be the first derivative of -1026*d**2 + 2*d - 102. Is z(-3) prime?
False
Let l(s) = 14*s**3 + s**2 + 6*s - 8. Suppose v - 17 + 0 = 0. Let g = v + -14. Is l(g) composite?
False
Suppose 4*u - 709674 = 3*c, -u - 31*c + 28*c + 177441 = 0. Is u a prime number?
False
Let g = -386 - -390. Let l(c) = 173*c**2 - 22*c + 1. Is l(g) composite?
True
Let i be (7 + -4 + 2)*(-3)/(-5). Suppose 0 = i*j - 4*k, 4*k = -0*j - 4*j. Suppose 5*l - 3205 = -j*l. Is l a composite number?
False
Suppose -24*k - 29032824 + 35815153 = -62986943. Is k a composite number?
True
Let j(q) = 4*q**2 - 7*q + 23. Let k be j(-7). Suppose -2*v + k = s - 4799, 4*s - 12675 = -5*v. Is v a composite number?
False
Let a = -792 - -2599. Suppose 7410 - a = l. Is l prime?
False
Let j = 63769 - 36669. Let s = j - 459. Is s composite?
False
Let b = -290 + 301. Suppose b*d - 9575 - 8960 = 0. Is d prime?
False
Let o be (-128)/(-80)*(-5)/(-2). Suppose d - 6087 = -2*b - o*d, d - 9111 = -3*b. Suppose b = 5*n + 1001. Is n a prime number?
False
Suppose -27*g + 2482833 + 2328751 = 5*g. Is g a composite number?
True
Let g(v) = 110*v**3 - 4*v**2 - 5*v + 7. Let w be (-12)/(-2) - 4 - -2. Let y be g(w). Suppose -y = -8*m + 5*m. Is m composite?
True
Let y be (-2 + 8)/(-6) + 104. Suppose -115*h + 21324 = -y*h. Is h prime?
True
Let u(x) = -212*x - 161. Let s be (-12)/8 + -2 + (-27)/2. Is u(s) a composite number?
True
Let u(b) = b**2 + 8*b - 26. Let l be u(-13). Let v = l - 41. Is (-17 - -19)*(-851)/v a prime number?
False
Suppose -693796 - 232021 + 185697 = -20*f. Is f composite?
True
Let y(c) be the third derivative of 0*c + 0 + 11*c**2 + 8/15*c**5 - 2/3*c**4 - 55/6*c**3. Is y(-6) composite?
False
Let l(h) = 592*h**3 + h**2 - 12*h + 19. Let f(j) = 296*j**3 - 5*j + 10. Let n(m) = -5*f(m) + 2*l(m). Is n(-5) composite?
True
Suppose -47*x + 13*x = -62688 + 19270. Is x prime?
True
Let h = -135 + 213. Suppose -2*p + 30 = h. Is 100924/32 + 1 + (-3)/p a prime number?
False
Suppose -r = r + 4, -2*x - 4*r + 1320 = 0. Suppose -3*u + 3*d + 699 = 6*d, -3*d - 729 = -3*u. Suppose 3*l - 3*t - 2*t = x, -5*t - u = -l. Is l prime?
False
Suppose 65435 + 58612 = 7*k. Let b = -220 - k. Let u = 26882 + b. Is u composite?
False
Suppose -92 - 58 = -5*j. Let w be j/24*16/4. Let f(z) = 2*z**3 - 8*z**2 + 7*z - 2. Is f(w) a composite number?
False
Let a(g) = 9*g**2 + 12*g + 19. Let f be a(8). Let y = 96 + f. Is y a prime number?
True
Let y(u) = 27*u**2 - u + 9979. Is y(0) prime?
False
Let b = -150 - -152. Is (942485/70 - (-8)/(-14))*b prime?
True
Let g = -56 + 48. Let x be 2/(-8) + (-82)/g + -3. Suppose 0 = 3*k + 4*o - 122, -41 - x = -k - 5*o. Is k prime?
False
Let o(u) = 47*u + 47. Let t(m) = 4*m**2 - 3*m - 10. Let j(h) = 7*h**2 - 5*h - 21. Let i(z) = -6*j(z) + 11*t(z). Let a be i(0). Is o(a) composite?
True
Let q(w) = 3*w**3 + 8*w**2 - 307*w + 39. Is q(37) a prime number?
False
Let d(m) = 530*m + 2*m**2 + 54 + 0*m**2 - 223 - 542*m. Is d(-32) a composite number?
True
Let n be (6 - 6)/(5/(-5)). Is (2/(-2) - n)/(1/(-10723)) a prime number?
True
Let h(g) = 2*g**2 - 46*g + 168979. Is h(0) a prime number?
False
Let q = -307 + 1094. Let m = -1652 + 2936. Let d = m - q. Is d prime?
False
Suppose 21*o - 17*o = 54216. Let k = o + -2893. Is k a composite number?
True
Suppose 16207774 = 81*u - 59*u. Is u a prime number?
True
Let f(p) = p**2 + 11*p - 7. Let v be f(-12). Suppose 0 = -n - v*s - 1, 0*s - s - 13 = -3*n. Suppose 77 = 3*k + 4*j - 2*j, -n*k + 84 = -2*j. Is k a prime number?
True
Suppose -5*k + 3*m + 26636 = 2*m, 0 = -3*k + 2*m + 15976. Suppose -1573 + k = 5*s. Is s a prime number?
T